{"id":6031,"date":"2021-03-16T15:05:59","date_gmt":"2021-03-16T14:05:59","guid":{"rendered":"http:\/\/microst.net\/?page_id=6031"},"modified":"2021-03-17T17:10:41","modified_gmt":"2021-03-17T16:10:41","slug":"redback-2","status":"publish","type":"page","link":"https:\/\/microst.net\/?page_id=6031","title":{"rendered":"RedBack"},"content":{"rendered":"\t\t<div data-elementor-type=\"wp-page\" data-elementor-id=\"6031\" class=\"elementor elementor-6031\">\n\t\t\t\t\t\t<div class=\"elementor-inner\">\n\t\t\t\t<div class=\"elementor-section-wrap\">\n\t\t\t\t\t\t\t\t\t<section class=\"elementor-section elementor-top-section elementor-element elementor-element-196a62a elementor-section-boxed elementor-section-height-default elementor-section-height-default\" data-id=\"196a62a\" data-element_type=\"section\">\n\t\t\t\t\t\t<div class=\"elementor-container elementor-column-gap-default\">\n\t\t\t\t\t\t\t<div class=\"elementor-row\">\n\t\t\t\t\t<div class=\"elementor-column elementor-col-50 elementor-top-column elementor-element elementor-element-6d997f5\" data-id=\"6d997f5\" data-element_type=\"column\">\n\t\t\t<div class=\"elementor-column-wrap elementor-element-populated\">\n\t\t\t\t\t\t\t<div class=\"elementor-widget-wrap\">\n\t\t\t\t\t\t<div class=\"elementor-element elementor-element-51d3ae3 elementor-widget elementor-widget-image\" data-id=\"51d3ae3\" data-element_type=\"widget\" data-widget_type=\"image.default\">\n\t\t\t\t<div class=\"elementor-widget-container\">\n\t\t\t\t\t\t\t\t<div class=\"elementor-image\">\n\t\t\t\t\t\t\t\t\t\t\t\t<img width=\"300\" height=\"300\" src=\"https:\/\/microst.net\/wp-content\/uploads\/2021\/03\/redback-300x300.png\" class=\"attachment-woocommerce_thumbnail size-woocommerce_thumbnail\" alt=\"\" loading=\"lazy\" srcset=\"https:\/\/microst.net\/wp-content\/uploads\/2021\/03\/redback-300x300.png 300w, https:\/\/microst.net\/wp-content\/uploads\/2021\/03\/redback-150x150.png 150w, https:\/\/microst.net\/wp-content\/uploads\/2021\/03\/redback-100x100.png 100w\" sizes=\"(max-width: 300px) 100vw, 300px\" \/>\t\t\t\t\t\t\t\t\t\t\t\t\t\t<\/div>\n\t\t\t\t\t\t<\/div>\n\t\t\t\t<\/div>\n\t\t\t\t\t\t<\/div>\n\t\t\t\t\t<\/div>\n\t\t<\/div>\n\t\t\t\t<div class=\"elementor-column elementor-col-50 elementor-top-column elementor-element elementor-element-7c3c681\" data-id=\"7c3c681\" data-element_type=\"column\">\n\t\t\t<div class=\"elementor-column-wrap elementor-element-populated\">\n\t\t\t\t\t\t\t<div class=\"elementor-widget-wrap\">\n\t\t\t\t\t\t<div class=\"elementor-element elementor-element-b6d7974 elementor-widget elementor-widget-text-editor\" data-id=\"b6d7974\" data-element_type=\"widget\" data-widget_type=\"text-editor.default\">\n\t\t\t\t<div class=\"elementor-widget-container\">\n\t\t\t\t\t\t\t\t<div class=\"elementor-text-editor elementor-clearfix\">\n\t\t\t\t<p>Redback Networks est sp\u00e9cialis\u00e9 dans le mat\u00e9riel et les logiciels utilis\u00e9s par les fournisseurs d&rsquo;acc\u00e8s Internet (FAI) pour g\u00e9rer les services haut d\u00e9bit. Quinze des 20 plus grands op\u00e9rateurs de t\u00e9l\u00e9phonie dans le monde ont utilis\u00e9 la technologie de Redback, y compris des routeurs \u00e0 large bande pour g\u00e9rer les services de donn\u00e9es, de voix et de vid\u00e9o bas\u00e9s sur IP. Et avec Microst vous voila offert des meilleures technologies.<\/p>\t\t\t\t\t<\/div>\n\t\t\t\t\t\t<\/div>\n\t\t\t\t<\/div>\n\t\t\t\t<div class=\"elementor-element elementor-element-f834ae6 elementor-align-right elementor-widget elementor-widget-button\" data-id=\"f834ae6\" data-element_type=\"widget\" data-widget_type=\"button.default\">\n\t\t\t\t<div class=\"elementor-widget-container\">\n\t\t\t\t\t<div class=\"elementor-button-wrapper\">\n\t\t\t<a href=\"#\" class=\"elementor-button-link elementor-button elementor-size-sm\" role=\"button\">\n\t\t\t\t\t\t<span class=\"elementor-button-content-wrapper\">\n\t\t\t\t\t\t<span class=\"elementor-button-text\">Demander Devis<\/span>\n\t\t<\/span>\n\t\t\t\t\t<\/a>\n\t\t<\/div>\n\t\t\t\t<\/div>\n\t\t\t\t<\/div>\n\t\t\t\t\t\t<\/div>\n\t\t\t\t\t<\/div>\n\t\t<\/div>\n\t\t\t\t\t\t\t\t<\/div>\n\t\t\t\t\t<\/div>\n\t\t<\/section>\n\t\t\t\t\t\t\t\t\t<\/div>\n\t\t\t<\/div>\n\t\t\t\t\t<\/div>\n\t\t","protected":false},"excerpt":{"rendered":"<p>Redback Networks est sp\u00e9cialis\u00e9 dans le mat\u00e9riel et les logiciels utilis\u00e9s par les fournisseurs d&rsquo;acc\u00e8s Internet (FAI) pour g\u00e9rer les services haut d\u00e9bit. Quinze des 20 plus grands op\u00e9rateurs de t\u00e9l\u00e9phonie dans le monde ont utilis\u00e9 la technologie de Redback, y compris des routeurs \u00e0 large bande pour g\u00e9rer les services de donn\u00e9es, de voix [&hellip;]<\/p>\n","protected":false},"author":1,"featured_media":0,"parent":0,"menu_order":0,"comment_status":"closed","ping_status":"closed","template":"","meta":[],"yoast_head":"<!-- This site is optimized with the Yoast SEO plugin v19.1 - https:\/\/yoast.com\/wordpress\/plugins\/seo\/ -->\n<title>RedBack - Micro Solutions<\/title>\n<meta name=\"robots\" content=\"index, follow, max-snippet:-1, max-image-preview:large, max-video-preview:-1\" \/>\n<link rel=\"canonical\" href=\"https:\/\/microst.net\/?page_id=6031\" \/>\n<meta property=\"og:locale\" content=\"fr_FR\" \/>\n<meta property=\"og:type\" content=\"article\" \/>\n<meta property=\"og:title\" content=\"RedBack - Micro Solutions\" \/>\n<meta property=\"og:description\" content=\"Redback Networks est sp\u00e9cialis\u00e9 dans le mat\u00e9riel et les logiciels utilis\u00e9s par les fournisseurs d&rsquo;acc\u00e8s Internet (FAI) pour g\u00e9rer les services haut d\u00e9bit. Quinze des 20 plus grands op\u00e9rateurs de t\u00e9l\u00e9phonie dans le monde ont utilis\u00e9 la technologie de Redback, y compris des routeurs \u00e0 large bande pour g\u00e9rer les services de donn\u00e9es, de voix [&hellip;]\" \/>\n<meta property=\"og:url\" content=\"https:\/\/microst.net\/?page_id=6031\" \/>\n<meta property=\"og:site_name\" content=\"Micro Solutions\" \/>\n<meta property=\"article:modified_time\" content=\"2021-03-17T16:10:41+00:00\" \/>\n<meta property=\"og:image\" content=\"http:\/\/microst.net\/wp-content\/uploads\/2021\/03\/redback-300x300.png\" \/>\n<meta name=\"twitter:card\" content=\"summary_large_image\" \/>\n<script type=\"application\/ld+json\" class=\"yoast-schema-graph\">{\"@context\":\"https:\/\/schema.org\",\"@graph\":[{\"@type\":\"WebSite\",\"@id\":\"https:\/\/microst.net\/#website\",\"url\":\"https:\/\/microst.net\/\",\"name\":\"Micro Solutions\",\"description\":\"\",\"potentialAction\":[{\"@type\":\"SearchAction\",\"target\":{\"@type\":\"EntryPoint\",\"urlTemplate\":\"https:\/\/microst.net\/?s={search_term_string}\"},\"query-input\":\"required name=search_term_string\"}],\"inLanguage\":\"fr-FR\"},{\"@type\":\"ImageObject\",\"inLanguage\":\"fr-FR\",\"@id\":\"https:\/\/microst.net\/?page_id=6031#primaryimage\",\"url\":\"https:\/\/microst.net\/wp-content\/uploads\/2021\/03\/redback.png\",\"contentUrl\":\"https:\/\/microst.net\/wp-content\/uploads\/2021\/03\/redback.png\",\"width\":1500,\"height\":1200},{\"@type\":\"WebPage\",\"@id\":\"https:\/\/microst.net\/?page_id=6031#webpage\",\"url\":\"https:\/\/microst.net\/?page_id=6031\",\"name\":\"RedBack - Micro Solutions\",\"isPartOf\":{\"@id\":\"https:\/\/microst.net\/#website\"},\"primaryImageOfPage\":{\"@id\":\"https:\/\/microst.net\/?page_id=6031#primaryimage\"},\"datePublished\":\"2021-03-16T14:05:59+00:00\",\"dateModified\":\"2021-03-17T16:10:41+00:00\",\"breadcrumb\":{\"@id\":\"https:\/\/microst.net\/?page_id=6031#breadcrumb\"},\"inLanguage\":\"fr-FR\",\"potentialAction\":[{\"@type\":\"ReadAction\",\"target\":[\"https:\/\/microst.net\/?page_id=6031\"]}]},{\"@type\":\"BreadcrumbList\",\"@id\":\"https:\/\/microst.net\/?page_id=6031#breadcrumb\",\"itemListElement\":[{\"@type\":\"ListItem\",\"position\":1,\"name\":\"Accueil\",\"item\":\"https:\/\/microst.net\/\"},{\"@type\":\"ListItem\",\"position\":2,\"name\":\"RedBack\"}]}]}<\/script>\n<!-- \/ Yoast SEO plugin. -->","yoast_head_json":{"title":"RedBack - Micro Solutions","robots":{"index":"index","follow":"follow","max-snippet":"max-snippet:-1","max-image-preview":"max-image-preview:large","max-video-preview":"max-video-preview:-1"},"canonical":"https:\/\/microst.net\/?page_id=6031","og_locale":"fr_FR","og_type":"article","og_title":"RedBack - Micro Solutions","og_description":"Redback Networks est sp\u00e9cialis\u00e9 dans le mat\u00e9riel et les logiciels utilis\u00e9s par les fournisseurs d&rsquo;acc\u00e8s Internet (FAI) pour g\u00e9rer les services haut d\u00e9bit. Quinze des 20 plus grands op\u00e9rateurs de t\u00e9l\u00e9phonie dans le monde ont utilis\u00e9 la technologie de Redback, y compris des routeurs \u00e0 large bande pour g\u00e9rer les services de donn\u00e9es, de voix [&hellip;]","og_url":"https:\/\/microst.net\/?page_id=6031","og_site_name":"Micro Solutions","article_modified_time":"2021-03-17T16:10:41+00:00","og_image":[{"url":"http:\/\/microst.net\/wp-content\/uploads\/2021\/03\/redback-300x300.png"}],"twitter_card":"summary_large_image","schema":{"@context":"https:\/\/schema.org","@graph":[{"@type":"WebSite","@id":"https:\/\/microst.net\/#website","url":"https:\/\/microst.net\/","name":"Micro Solutions","description":"","potentialAction":[{"@type":"SearchAction","target":{"@type":"EntryPoint","urlTemplate":"https:\/\/microst.net\/?s={search_term_string}"},"query-input":"required name=search_term_string"}],"inLanguage":"fr-FR"},{"@type":"ImageObject","inLanguage":"fr-FR","@id":"https:\/\/microst.net\/?page_id=6031#primaryimage","url":"https:\/\/microst.net\/wp-content\/uploads\/2021\/03\/redback.png","contentUrl":"https:\/\/microst.net\/wp-content\/uploads\/2021\/03\/redback.png","width":1500,"height":1200},{"@type":"WebPage","@id":"https:\/\/microst.net\/?page_id=6031#webpage","url":"https:\/\/microst.net\/?page_id=6031","name":"RedBack - Micro Solutions","isPartOf":{"@id":"https:\/\/microst.net\/#website"},"primaryImageOfPage":{"@id":"https:\/\/microst.net\/?page_id=6031#primaryimage"},"datePublished":"2021-03-16T14:05:59+00:00","dateModified":"2021-03-17T16:10:41+00:00","breadcrumb":{"@id":"https:\/\/microst.net\/?page_id=6031#breadcrumb"},"inLanguage":"fr-FR","potentialAction":[{"@type":"ReadAction","target":["https:\/\/microst.net\/?page_id=6031"]}]},{"@type":"BreadcrumbList","@id":"https:\/\/microst.net\/?page_id=6031#breadcrumb","itemListElement":[{"@type":"ListItem","position":1,"name":"Accueil","item":"https:\/\/microst.net\/"},{"@type":"ListItem","position":2,"name":"RedBack"}]}]}},"_links":{"self":[{"href":"https:\/\/microst.net\/index.php?rest_route=\/wp\/v2\/pages\/6031"}],"collection":[{"href":"https:\/\/microst.net\/index.php?rest_route=\/wp\/v2\/pages"}],"about":[{"href":"https:\/\/microst.net\/index.php?rest_route=\/wp\/v2\/types\/page"}],"author":[{"embeddable":true,"href":"https:\/\/microst.net\/index.php?rest_route=\/wp\/v2\/users\/1"}],"replies":[{"embeddable":true,"href":"https:\/\/microst.net\/index.php?rest_route=%2Fwp%2Fv2%2Fcomments&post=6031"}],"version-history":[{"count":4,"href":"https:\/\/microst.net\/index.php?rest_route=\/wp\/v2\/pages\/6031\/revisions"}],"predecessor-version":[{"id":6120,"href":"https:\/\/microst.net\/index.php?rest_route=\/wp\/v2\/pages\/6031\/revisions\/6120"}],"wp:attachment":[{"href":"https:\/\/microst.net\/index.php?rest_route=%2Fwp%2Fv2%2Fmedia&parent=6031"}],"curies":[{"name":"wp","href":"https:\/\/api.w.org\/{rel}","templated":true}]}}